eatest common factor of 200475 and 22.
11
Calculate the highest common factor of 448 and 8148.
28
Calculate the highest common factor of 72947 and 57622.
613
Calculate the greatest common factor of 287866 and 806.
62
Calculate the highest common divisor of 430638 and 2106.
78
Calculate the greatest common factor of 6288 and 29475.
393
Calculate the greatest common factor of 42 and 1165752.
42
Calculate the greatest common divisor of 386120 and 197.
197
Calculate the greatest common divisor of 170 and 3229014.
34
Calculate the highest common factor of 126 and 476.
14
What is the greatest common factor of 7 and 40348?
7
Calculate the highest common factor of 9042 and 16038.
66
Calculate the greatest common divisor of 68 and 7871.
17
Calculate the highest common factor of 112159 and 4661.
59
What is the highest common factor of 511623 and 7?
7
Calculate the highest common factor of 104600 and 172.
4
Calculate the greatest common factor of 23165 and 820.
205
Calculate the greatest common factor of 487989 and 1062.
531
What is the greatest common factor of 43582 and 7?
7
What is the highest common divisor of 7178 and 4921?
37
Calculate the greatest common divisor of 956 and 138859.
239
Calculate the highest common divisor of 304 and 81392.
16
What is the greatest common factor of 5149 and 9214?
271
What is the highest common divisor of 456 and 382488?
24
What is the highest common factor of 1760 and 4532?
44
What is the highest common factor of 690 and 2037018?
138
Calculate the highest common factor of 516 and 3354.
258
Calculate the highest common divisor of 10340 and 1786.
94
Calculate the greatest common divisor of 81 and 128097.
9
What is the highest common factor of 2260195 and 245?
35
Calculate the highest common divisor of 684 and 50103.
171
Calculate the highest common divisor of 38968 and 104.
8
Calculate the highest common divisor of 154 and 1218.
14
What is the highest common factor of 535 and 146697?
107
What is the greatest common divisor of 27 and 1281?
3
Calculate the greatest common factor of 12216 and 600.
24
Calculate the greatest common factor of 84290 and 70.
10
Calculate the greatest common factor of 2753760 and 96.
96
What is the greatest common factor of 275 and 16181?
11
Calculate the highest common factor of 2736 and 361760.
304
Calculate the highest common factor of 579 and 551787.
579
What is the highest common divisor of 540 and 26055?
135
What is the greatest common divisor of 5028 and 876?
12
Calculate the greatest common divisor of 965 and 8025905.
965
What is the greatest common divisor of 240 and 160584?
24
Calculate the greatest common divisor of 697 and 6309941.
697
Calculate the greatest common factor of 14676 and 14856.
12
Calculate the greatest common factor of 735 and 1360730.
245
What is the highest common factor of 141 and 2745787?
47
What is the greatest common factor of 5002 and 27206?
122
What is the greatest common divisor of 272056 and 18104?
248
What is the greatest common factor of 50 and 31910?
10
What is the greatest common factor of 1895610 and 706?
706
Calculate the greatest common divisor of 1395 and 4371.
93
Calculate the greatest common divisor of 2335052 and 92.
92
What is the greatest common factor of 305374 and 13648?
1706
Calculate the greatest common divisor of 81746 and 1008.
14
Calculate the highest common factor of 10305992 and 8.
8
What is the greatest common factor of 1406941 and 601?
601
Calculate the greatest common factor of 350712 and 144.
72
Calculate the greatest common factor of 49528 and 4264.
328
Calculate the highest common factor of 848 and 114056.
424
What is the greatest common divisor of 35 and 189?
7
Calculate the highest common factor of 15930 and 3776.
118
Calculate the greatest common divisor of 16100 and 2240.
140
Calculate the greatest common factor of 217 and 16.
1
What is the greatest common divisor of 26975 and 10530?
65
Calculate the highest common divisor of 4 and 85648.
4
Calculate the highest common factor of 48918 and 18.
6
Calculate the highest common divisor of 396 and 13194.
18
Calculate the highest common divisor of 306 and 46728.
18
Calculate the greatest common factor of 123694 and 46.
46
What is the highest common divisor of 498 and 366?
6
Calculate the greatest common divisor of 198707 and 109.
109
What is the greatest common factor of 557064 and 8?
8
Calculate the highest common divisor of 867 and 5559.
51
What is the greatest common divisor of 28965 and 205?
5
What is the highest common divisor of 1701070 and 20?
10
What is the greatest common factor of 367881 and 894?
447
What is the highest common divisor of 288737 and 1211?
173
What is the highest common divisor of 43575 and 2800?
175
What is the greatest common divisor of 2751 and 511?
7
What is the greatest common divisor of 1141614 and 1218?
174
Calculate the greatest common divisor of 182825 and 50.
25
What is the greatest common divisor of 13896 and 201878?
386
What is the greatest common factor of 520 and 3399500?
260
What is the highest common divisor of 158 and 1102366?
158
Calculate the highest common factor of 2396265 and 2986.
1493
Calculate the highest common factor of 72 and 10992.
24
What is the greatest common factor of 359716 and 112?
28
What is the highest common factor of 31 and 141639?
31
What is the greatest common factor of 700 and 24668?
28
Calculate the greatest common divisor of 21406 and 69.
1
Calculate the greatest common divisor of 5408 and 39520.
416
What is the highest common factor of 1010 and 70?
10
Calculate the greatest common factor of 273 and 1266083.
91
Calculate the greatest common divisor of 9 and 72909.
9
Calculate the highest common factor of 1011 and 5148686.
337
Calculate the greatest common factor of 1156 and 54196.
68
Calculate the highest common factor of 1675 and 2479.
67
What is the highest common divisor of 7592 and 884?
52
Calculate the highest common divisor of 42 and 40635.
21
Calculate the greatest common factor of 53625 and 250.
125
What is the greatest common factor of 1533 and 39312?
21
Calculate the greatest common divisor of 101897 and 3751.
31
Calculate the highest common divisor of 4165 and 70.
35
What is the greatest common divisor of 112 and 1420720?
112
What is the greatest common factor of 1378 and 76622?
26
What is the greatest common factor of 13650 and 5265?
195
What is the greatest common divisor of 663 and 1391?
13
What is the highest common factor of 17925 and 478?
239
What is the highest common divisor of 91195 and 244?
61
Calculate the highest common divisor of 39650 and 125.
25
What is the highest common factor of 791001 and 2148?
537
What is the greatest common divisor of 862548 and 108?
12
Calculate the highest common factor of 190896 and 779.
41
What is the greatest common factor of 8557 and 5373?
199
What is the highest common factor of 291 and 83711?
97
Calculate the highest common divisor of 4845 and 150.
15
Calculate the highest common factor of 36 and 444690.
18
Calculate the highest common divisor of 129 and 42269.
43
Calculate the greatest common divisor of 206292 and 12.
12
What is the highest common divisor of 100 and 3319950?
50
Calculate the greatest common divisor of 596 and 964.
4
What is the greatest common factor of 2352 and 6909?
147
What is the highest common divisor of 23973 and 9825?
393
What is the greatest common divisor of 100868 and 8684?
668
What is the greatest common factor of 14694 and 137460?
474
Calculate the highest common factor of 19376 and 3304.
56
Calculate the highest common factor of 4483679 and 523.
523
Calculate the highest common factor of 391 and 996958.
23
What is the highest common divisor of 15425 and 6787?
617
Calculate the greatest common divisor of 60 and 22800.
60
Calculate the greatest common divisor of 305430 and 120.
30
What is the greatest common factor of 528539 and 11?
11
What is the highest common factor of 6331 and 12636?
13
What is the highest common factor of 49046 and 822?
274
What is the greatest common factor of 137122 and 646?
34
What is the highest common factor of 71603 and 371?
371
Calculate the greatest common divisor of 2835874 and 163.
163
Calculate the greatest common divisor of 2265 and 5.
5
What is the highest common divisor of 11136622 and 798?
